{"id":170565,"date":"2024-07-11T16:30:24","date_gmt":"2024-07-11T14:30:24","guid":{"rendered":"https:\/\/2024.internetfestival.it\/?post_type=programma&#038;p=170565"},"modified":"2024-10-04T19:52:36","modified_gmt":"2024-10-04T17:52:36","slug":"generazioni-a-confronto","status":"publish","type":"programma","link":"https:\/\/2024.internetfestival.it\/en\/programma\/generazioni-a-confronto\/","title":{"rendered":"Generazioni a confronto"},"content":{"rendered":"<h5>La prenotazione dell\u2019attivit\u00e0 \u00e8 riservata alle scuole<\/h5>\n<h3>L&#8217;evoluzione delle forme di scrittura<\/h3>\n<p>Generare e creare: le prime forme di generazione consapevole riguardano la necessit\u00e0 di relazione, che sia essa declinata in un bisogno di prossimit\u00e0 o in una necessit\u00e0 di comunicazione. Dall&#8217;arte grafica alla scrittura, i sistemi di comunicazione si sono profondamente evoluti mantenendo intatta la loro portata simbolica.<\/p>\n<p>Gli studenti avranno a disposizione diverse postazioni in cui ruotare e in cui sperimenteranno tecniche di scrittura diverse, dalle incisioni cuneiformi al calamaio, alla scrittura digitale, per poi dedurre come i diversi approcci hanno modificato la struttura comunicativa fra le varie generazioni e come impatta oggi nella relazione fra esse.<\/p>\n<p><em>Lo staff che condurr\u00e0 l&#8217;attivit\u00e0 \u00e8 composto da:<\/em><br \/>\n<em>Floriana Craus<\/em><br \/>\n<em>Irene De Grandis<\/em><br \/>\n<em> Ada Tori<\/em><br \/>\n<em>Anthony Savalli Massarelli<\/em><br \/>\n<em>Asia Savalli Massarelli<\/em><br \/>\n<em>Leon Craus<\/em><br \/>\n<em>Damiano Benedettini<\/em><br \/>\n<em>Leonardo Nanni<br \/>\nValentina\u00a0Casella<\/em><\/p>","protected":false},"excerpt":{"rendered":"<p>La prenotazione dell\u2019attivit\u00e0 \u00e8 riservata alle scuole L&#8217;evoluzione delle forme di scrittura Generare e creare: &#8230; <a title=\"Generazioni a confronto\" class=\"read-more\" href=\"https:\/\/2024.internetfestival.it\/en\/programma\/generazioni-a-confronto\/\" aria-label=\"Read more about Generazioni a confronto\">Read more<\/a><\/p>","protected":false},"author":6,"featured_media":170905,"menu_order":0,"template":"","format":"standard","meta":{"_acf_changed":false,"footnotes":""},"area_tematica":[],"sedi":[],"protagonisti":[],"tipo_evento":[],"keywords":[],"target_evento":[],"lingua":[],"programmazione":[],"acf":[],"_links":{"self":[{"href":"https:\/\/2024.internetfestival.it\/en\/wp-json\/wp\/v2\/programma\/170565"}],"collection":[{"href":"https:\/\/2024.internetfestival.it\/en\/wp-json\/wp\/v2\/programma"}],"about":[{"href":"https:\/\/2024.internetfestival.it\/en\/wp-json\/wp\/v2\/types\/programma"}],"author":[{"embeddable":true,"href":"https:\/\/2024.internetfestival.it\/en\/wp-json\/wp\/v2\/users\/6"}],"version-history":[{"count":7,"href":"https:\/\/2024.internetfestival.it\/en\/wp-json\/wp\/v2\/programma\/170565\/revisions"}],"predecessor-version":[{"id":171962,"href":"https:\/\/2024.internetfestival.it\/en\/wp-json\/wp\/v2\/programma\/170565\/revisions\/171962"}],"wp:featuredmedia":[{"embeddable":true,"href":"https:\/\/2024.internetfestival.it\/en\/wp-json\/wp\/v2\/media\/170905"}],"wp:attachment":[{"href":"https:\/\/2024.internetfestival.it\/en\/wp-json\/wp\/v2\/media?parent=170565"}],"wp:term":[{"taxonomy":"area_tematica","embeddable":true,"href":"https:\/\/2024.internetfestival.it\/en\/wp-json\/wp\/v2\/area_tematica?post=170565"},{"taxonomy":"sedi","embeddable":true,"href":"https:\/\/2024.internetfestival.it\/en\/wp-json\/wp\/v2\/sedi?post=170565"},{"taxonomy":"protagonisti","embeddable":true,"href":"https:\/\/2024.internetfestival.it\/en\/wp-json\/wp\/v2\/protagonisti?post=170565"},{"taxonomy":"tipo_evento","embeddable":true,"href":"https:\/\/2024.internetfestival.it\/en\/wp-json\/wp\/v2\/tipo_evento?post=170565"},{"taxonomy":"keywords","embeddable":true,"href":"https:\/\/2024.internetfestival.it\/en\/wp-json\/wp\/v2\/keywords?post=170565"},{"taxonomy":"target_evento","embeddable":true,"href":"https:\/\/2024.internetfestival.it\/en\/wp-json\/wp\/v2\/target_evento?post=170565"},{"taxonomy":"lingua","embeddable":true,"href":"https:\/\/2024.internetfestival.it\/en\/wp-json\/wp\/v2\/lingua?post=170565"},{"taxonomy":"programmazione","embeddable":true,"href":"https:\/\/2024.internetfestival.it\/en\/wp-json\/wp\/v2\/programmazione?post=170565"}],"curies":[{"name":"wp","href":"https:\/\/api.w.org\/{rel}","templated":true}]}}

<h5>La prenotazione dell’attività è riservata alle scuole</h5>
<h3>L&#8217;evoluzione delle forme di scrittura</h3>
<p>Generare e creare: le prime forme di generazione consapevole riguardano la necessità di relazione, che sia essa declinata in un bisogno di prossimità o in una necessità di comunicazione. Dall&#8217;arte grafica alla scrittura, i sistemi di comunicazione si sono profondamente evoluti mantenendo intatta la loro portata simbolica.</p>
<p>Gli studenti avranno a disposizione diverse postazioni in cui ruotare e in cui sperimenteranno tecniche di scrittura diverse, dalle incisioni cuneiformi al calamaio, alla scrittura digitale, per poi dedurre come i diversi approcci hanno modificato la struttura comunicativa fra le varie generazioni e come impatta oggi nella relazione fra esse.</p>
<p><em>Lo staff che condurrà l&#8217;attività è composto da:</em><br />
<em>Floriana Craus</em><br />
<em>Irene De Grandis</em><br />
<em> Ada Tori</em><br />
<em>Anthony Savalli Massarelli</em><br />
<em>Asia Savalli Massarelli</em><br />
<em>Leon Craus</em><br />
<em>Damiano Benedettini</em><br />
<em>Leonardo Nanni<br />
Valentina Casella</em></p>

<p>La prenotazione dell’attività è riservata alle scuole L&#8217;evoluzione delle forme di scrittura Generare e creare: &#8230; <a title="Generazioni a confronto" class="read-more" href="https://2024.internetfestival.it/en/programma/generazioni-a-confronto/" aria-label="Read more about Generazioni a confronto">Read more</a></p>
