{"id":170670,"date":"2024-07-18T22:45:49","date_gmt":"2024-07-18T20:45:49","guid":{"rendered":"https:\/\/2024.internetfestival.it\/?post_type=programma&#038;p=170670"},"modified":"2024-09-04T14:26:37","modified_gmt":"2024-09-04T12:26:37","slug":"biomimesi-lilluminazione-che-arriva-dalla-natura","status":"publish","type":"programma","link":"https:\/\/2024.internetfestival.it\/en\/programma\/biomimesi-lilluminazione-che-arriva-dalla-natura\/","title":{"rendered":"Biomimesi: l&#8217;illuminazione che arriva dalla natura"},"content":{"rendered":"<h5>Gioved\u00ec, venerd\u00ec e sabato mattina la prenotazione dell\u2019attivit\u00e0 \u00e8 riservata alle scuole<br \/>\nSabato pomeriggio e domenica l\u2019attivit\u00e0 verr\u00e0 svolta in modalit\u00e0 di libero accesso<\/h5>\n<h3>Come l&#8217;essere umano ha copiato dalla natura<\/h3>\n<p>Sapevi che l&#8217;invenzione del velcro ha preso ispirazione da una pianta?<br \/>\nE che i costumi piu\u0300 performanti imitano la pelle di squalo?<\/p>\n<p>In natura esistono gia\u0300 tutte le soluzioni per far fronte ad ogni sfida:<br \/>\nsta a noi trovarle e integrarle nelle nostre tecnologie.<\/p>\n<p>Un percorso guidato attraverso 10 postazioni che ci raccontano alcune delle cose che l&#8217;uomo ha copiato dalla natura.<\/p>\n<p><em>Il team di Fosforo presente allo svolgimento dell&#8217;attivit\u00e0 \u00e8 composto da:<\/em><br \/>\n<em>Matteo Giardini<\/em><br \/>\n<em>Daniele de Lucia<\/em><br \/>\n<em>Marco Vennarini<\/em><\/p>","protected":false},"excerpt":{"rendered":"<p>Gioved\u00ec, venerd\u00ec e sabato mattina la prenotazione dell\u2019attivit\u00e0 \u00e8 riservata alle scuole Sabato pomeriggio e &#8230; <a title=\"Biomimesi: l&#8217;illuminazione che arriva dalla natura\" class=\"read-more\" href=\"https:\/\/2024.internetfestival.it\/en\/programma\/biomimesi-lilluminazione-che-arriva-dalla-natura\/\" aria-label=\"Read more about Biomimesi: l&#8217;illuminazione che arriva dalla natura\">Read more<\/a><\/p>","protected":false},"author":6,"featured_media":170945,"menu_order":0,"template":"","format":"standard","meta":{"_acf_changed":false,"footnotes":""},"area_tematica":[],"sedi":[],"protagonisti":[],"tipo_evento":[],"keywords":[],"target_evento":[],"lingua":[],"programmazione":[],"acf":[],"_links":{"self":[{"href":"https:\/\/2024.internetfestival.it\/en\/wp-json\/wp\/v2\/programma\/170670"}],"collection":[{"href":"https:\/\/2024.internetfestival.it\/en\/wp-json\/wp\/v2\/programma"}],"about":[{"href":"https:\/\/2024.internetfestival.it\/en\/wp-json\/wp\/v2\/types\/programma"}],"author":[{"embeddable":true,"href":"https:\/\/2024.internetfestival.it\/en\/wp-json\/wp\/v2\/users\/6"}],"version-history":[{"count":5,"href":"https:\/\/2024.internetfestival.it\/en\/wp-json\/wp\/v2\/programma\/170670\/revisions"}],"predecessor-version":[{"id":171228,"href":"https:\/\/2024.internetfestival.it\/en\/wp-json\/wp\/v2\/programma\/170670\/revisions\/171228"}],"wp:featuredmedia":[{"embeddable":true,"href":"https:\/\/2024.internetfestival.it\/en\/wp-json\/wp\/v2\/media\/170945"}],"wp:attachment":[{"href":"https:\/\/2024.internetfestival.it\/en\/wp-json\/wp\/v2\/media?parent=170670"}],"wp:term":[{"taxonomy":"area_tematica","embeddable":true,"href":"https:\/\/2024.internetfestival.it\/en\/wp-json\/wp\/v2\/area_tematica?post=170670"},{"taxonomy":"sedi","embeddable":true,"href":"https:\/\/2024.internetfestival.it\/en\/wp-json\/wp\/v2\/sedi?post=170670"},{"taxonomy":"protagonisti","embeddable":true,"href":"https:\/\/2024.internetfestival.it\/en\/wp-json\/wp\/v2\/protagonisti?post=170670"},{"taxonomy":"tipo_evento","embeddable":true,"href":"https:\/\/2024.internetfestival.it\/en\/wp-json\/wp\/v2\/tipo_evento?post=170670"},{"taxonomy":"keywords","embeddable":true,"href":"https:\/\/2024.internetfestival.it\/en\/wp-json\/wp\/v2\/keywords?post=170670"},{"taxonomy":"target_evento","embeddable":true,"href":"https:\/\/2024.internetfestival.it\/en\/wp-json\/wp\/v2\/target_evento?post=170670"},{"taxonomy":"lingua","embeddable":true,"href":"https:\/\/2024.internetfestival.it\/en\/wp-json\/wp\/v2\/lingua?post=170670"},{"taxonomy":"programmazione","embeddable":true,"href":"https:\/\/2024.internetfestival.it\/en\/wp-json\/wp\/v2\/programmazione?post=170670"}],"curies":[{"name":"wp","href":"https:\/\/api.w.org\/{rel}","templated":true}]}}

<h5>Giovedì, venerdì e sabato mattina la prenotazione dell’attività è riservata alle scuole<br />
Sabato pomeriggio e domenica l’attività verrà svolta in modalità di libero accesso</h5>
<h3>Come l&#8217;essere umano ha copiato dalla natura</h3>
<p>Sapevi che l&#8217;invenzione del velcro ha preso ispirazione da una pianta?<br />
E che i costumi più performanti imitano la pelle di squalo?</p>
<p>In natura esistono già tutte le soluzioni per far fronte ad ogni sfida:<br />
sta a noi trovarle e integrarle nelle nostre tecnologie.</p>
<p>Un percorso guidato attraverso 10 postazioni che ci raccontano alcune delle cose che l&#8217;uomo ha copiato dalla natura.</p>
<p><em>Il team di Fosforo presente allo svolgimento dell&#8217;attività è composto da:</em><br />
<em>Matteo Giardini</em><br />
<em>Daniele de Lucia</em><br />
<em>Marco Vennarini</em></p>

<p>Giovedì, venerdì e sabato mattina la prenotazione dell’attività è riservata alle scuole Sabato pomeriggio e &#8230; <a title="Biomimesi: l&#8217;illuminazione che arriva dalla natura" class="read-more" href="https://2024.internetfestival.it/en/programma/biomimesi-lilluminazione-che-arriva-dalla-natura/" aria-label="Read more about Biomimesi: l&#8217;illuminazione che arriva dalla natura">Read more</a></p>
